hat is the units digit of s?
1
Suppose -8649870 = -208*r - 455502. What is the thousands digit of r?
9
Let f be 1/((-60)/21 - -3). Suppose 13 = 5*l - f. What is the units digit of 1*1/(-4) - (-337)/l?
4
Let i = 20 - -206. Let b = i - 84. What is the tens digit of b?
4
Let w = 1306 - 710. Let k = w - -100. Suppose -k = -3*t - 3*t. What is the hundreds digit of t?
1
Let u(x) be the first derivative of 8*x**3/3 + 17*x**2/2 + 39*x + 40. What is the tens digit of u(6)?
2
Let a be 3 - ((4 - -104) + 0). What is the hundreds digit of (3 + a/25)/((-2)/520)?
3
What is the units digit of 58910176/780 + 3*(-12)/(-270)?
6
Suppose -2*x + w + 7419 = -4754, w = 5*x - 30425. Suppose -x = 7*m - 25*m. What is the units digit of m?
8
Suppose 0 = 4*g + 8, -60*c + 3*g - 71967 = -63*c. What is the ten thousands digit of c?
2
Let y be 24/(-324)*-18*(2 + 1). Suppose -5*z = -15, 153 = 2*x - y*z - 585. What is the hundreds digit of x?
3
Let x be (-21)/14*4/3. What is the hundreds digit of x/5 - (-9984)/60?
1
Suppose -106*i = -599315 + 247668 - 1457561. What is the hundreds digit of i?
0
Suppose 3*q + 4*d = 19365, -q - 12890 = -3*q + 4*d. What is the hundreds digit of q?
4
Suppose 1510*x + 821370 = 1605*x. What is the units digit of x?
6
Let r = -7942 - -15377. What is the tens digit of r?
3
Let m(s) = 6*s + 188. Let k be m(-31). What is the tens digit of 1554/(-49)*k/((-4)/14)?
2
Suppose -11*k - 19*k = 10*k - 9760. What is the hundreds digit of k?
2
Suppose 0 = -2*z - 2*n + 4*n + 4918, 2*z - 5*n = 4933. What is the tens digit of z?
5
Let x(z) = -413*z**2 + 406*z**2 + 2*z**3 + 24*z - 2*z**3 + 5*z**3 - 73. What is the hundreds digit of x(5)?
4
Let p = 989 + -383. Let c = p + -359. What is the units digit of c?
7
What is the units digit of (-40)/(-120) + (-1)/(-3)*2330?
7
Suppose -3*r - 4*s + 2307 = -282, s = r - 849. What is the hundreds digit of r?
8
Suppose -13*z = 25 - 77. What is the hundreds digit of -2572*z/(-24) + (-14)/21?
4
Let s = 4801 + 6086. What is the units digit of s?
7
Let m(s) = 2*s**3 - 20*s**2 + 7*s + 4. Let x(y) = -3*y - 5. Let q be x(-5). What is the tens digit of m(q)?
7
Suppose 326*c + 56*c - 37793694 = -11596134. What is the thousands digit of c?
8
Let d = 21767 - 9449. What is the thousands digit of d?
2
Let g = 334 + 5188. Suppose 5443 + g = 17*z. What is the hundreds digit of z?
6
Suppose -375*b + 7520972 = 3235535 - 8286813. What is the units digit of b?
6
Suppose -3*p + 5*r = -35, 3*p + 5*r - r = -1. Suppose -d + 1787 = 3*d + q, 2225 = p*d + 3*q. What is the units digit of d?
8
Suppose -98*x = -89*x - 25236. Suppose 2*a = 3*h - x, -4*a - 3732 = -4*h - 3*a. What is the tens digit of h?
3
Let p(q) = -5*q + 62. Let t be p(-25). Let m = t - 38. What is the hundreds digit of m?
1
Suppose 0 = -z - r - 3, 5*r - 3*r = 2*z - 14. Let q = 71 + z. What is the units digit of q?
3
Suppose -60*c - 127 = -61*c. Let i = -85 + c. What is the units digit of i?
2
Suppose -2*c - 2 = -5*h + 8, 5*h - 30 = -2*c. Suppose h*u - 14 = 334. Suppose 0 = 2*o - u - 71. What is the tens digit of o?
7
Let j(r) = -3*r**3 - 64*r**2 + 94*r + 121. What is the thousands digit of j(-27)?
9
Let x = 22 + -18. Suppose -x*p + 606 = -414. What is the units digit of p?
5
Let j(r) = 17*r - 2. Let k be j(-4). Suppose -27*t = -30*t + 15, -4*m = -t - 327. Let w = m + k. What is the tens digit of w?
1
Let g = 61 + -16. Suppose 4*q - 3*n = -31 + 91, 4*n - g = -3*q. Suppose 0 = -20*l + q*l + 370. What is the tens digit of l?
7
Let b = -21 - -24. Suppose -b*u + 2*u + 205 = j, -2*u + j = -419. What is the units digit of u?
8
Let c = 13217 - 1215. What is the ten thousands digit of c?
1
Suppose 0 = 2*y - 1 - 5, -5*x + 3*y = -11291. What is the units digit of x?
0
Suppose -27*u + 35*u + 21*u = 406029. What is the ten thousands digit of u?
1
Let q = 90701 - 52369. What is the thousands digit of q?
8
Let u(m) = -3478*m + 872. What is the thousands digit of u(-2)?
7
Let r(u) = -929*u + 504. What is the hundreds digit of r(-12)?
6
Suppose 90*h = 89*h + 12. Suppose 3*q - h*q = -99. What is the tens digit of q?
1
Suppose 2*g + 2*g = 2*f + 630, 788 = 5*g - 2*f. Suppose 0 = -2*j + 3*i + g, 5*j - j + 2*i - 348 = 0. What is the tens digit of j?
8
Let o(k) be the first derivative of k**4/12 + 3*k**3/2 + 11*k**2/2 + 3*k - 37. Let y(d) be the first derivative of o(d). What is the hundreds digit of y(-15)?
1
Let a(z) be the second derivative of 22*z + 17/6*z**3 - 11/2*z**2 - 1/12*z**4 + 0. What is the tens digit of a(13)?
4
Suppose -4*w + 115 = 163. Let l be -22 - (-9 - w)/(2/(-2)). Let q = -4 - l. What is the tens digit of q?
1
Let y be ((5 + (-2 - 4))*-2)/1. Suppose -3*b + 810 + 3420 = -5*d, -y*b = -2*d - 2816. What is the units digit of b?
5
Let x(r) = r**2 - 2*r + 34. Suppose -2*t - 16 = 4*j, -t - 20 = -5*t + 5*j. Suppose 5*d = -3*g - 25, 2*d + 5*g + 0 - 9 = t. What is the tens digit of x(d)?
1
Let v = -17394 + 40806. What is the hundreds digit of v?
4
Suppose a - 162 = -s, 0 = a - 2*a - 3*s + 166. Suppose -5*x + h + a = -2*h, 2*x - 3*h - 55 = 0. What is the units digit of x?
5
Suppose 0 = 36*b + 6035 + 3217. Let v = 699 + b. What is the hundreds digit of v?
4
Let g = 5434 - 3804. Suppose 2*y - g = -4*r, 551 = y + 5*r - 267. What is the tens digit of y?
1
Let g = 4803 + 282. What is the hundreds digit of g?
0
Suppose 2*o = -3*v + 561, 3*v + 4*o = -21 + 576. Let b = v + 392. What is the hundreds digit of b?
5
Suppose 64*c - 26376 = -z + 65*c, c + 131892 = 5*z. What is the units digit of z?
9
What is the thousands digit of (-26687)/(-6) + (774/(-108))/(-43)?
4
Suppose 0 = -15*o + 27*o - 60. Suppose 0 = b + 1, -a + o*b = -0*b - 1036. What is the thousands digit of a?
1
Suppose 5*b + y + 79 = -3*y, -y = -4. Let w(u) = -u**3 - 19*u**2 - 2*u - 32. Let m be w(b). What is the units digit of (0/(-2) - -3)/(9/m)?
2
Let c be (121 - 1) + 3 + -3. Suppose 8428 = 132*p + 1696. Suppose -c = -3*x - p. What is the units digit of x?
3
Let p = -753 + 1493. Suppose p = 4*i + 156. Let f = -88 + i. What is the tens digit of f?
5
Suppose 1982 = 4*l + 558. Suppose 13 = -3*o + 22. Suppose -o*w + l = w. What is the units digit of w?
9
Suppose 73*v = -y + 69*v + 7403, -5*y - 2*v + 36925 = 0. What is the thousands digit of y?
7
Suppose m = 2*l + 2264, -11*m - 4*l = -14*m + 6788. Suppose -4*h = 3*a - m, -8*a = -5*a. What is the hundreds digit of h?
5
Suppose 60*k = -7*k + 242*k - 1685775. What is the thousands digit of k?
9
What is the units digit of (-70)/(-245)*(130278/(-12))/(1/(-14))?
6
Let q(i) = 6*i**2 + 6*i - 22. Let v(f) = 2*f - 10. Let x be v(2). What is the tens digit of q(x)?
5
Suppose 0 = 89*a - 16*a - 1059011. What is the hundreds digit of a?
5
Suppose -32*n + 407953 = -114*n + 2319455. What is the ten thousands digit of n?
2
Let n be ((-182)/(-21))/(2/(-6)). Let w = n - -32. Suppose -3*y = -w*y + 165. What is the tens digit of y?
5
Let c be (-11 + 47)*302/(-8)*-1. Suppose -3*m = 3*q - c, -465 = -2*q + q + 3*m. Suppose 10*n = q + 44. What is the units digit of n?
0
What is the hundreds digit of ((-78)/351 - 32/180) + (-367424)/(-10)?
7
Suppose -4*m = -d + 295, -906 = d - 4*d + 5*m. Suppose o + w = -3*o + d, 2*o - 159 = 5*w. Let a = 60 + o. What is the units digit of a?
7
Let n(s) = s**2 - 11*s + 28. Let b be n(10). What is the units digit of 6/b + -6261*(-3)/27?
6
Let g be 522/(-9) - (0 + -1). Let x = -23 + 2. Let k = x - g. What is the units digit of k?
6
Let f(y) = 2070*y**2 - 25*y + 41. What is the thousands digit of f(2)?
8
Let f = -518 + 861. Let j = f + -201. What is the tens digit of j?
4
Suppose -21 - 18 = 3*w. Let h = -13 - w. Suppose -5*l + t + 322 - 8 = h, -2*l = -5*t - 144. What is the tens digit of l?
6
Let w = -98 + 94. What is the units digit of (-13 - -5)*(107/w)/1?
4
Suppose r = -9 + 1. Let j(a) = 2*a**2 + 13*a - 19. Let h be j(r). Suppose 1 + 9 = -h*i, -3*m + 112 = i. What is the tens digit of m?
3
Let x be -7 + (1 + -1)/(-1). Suppose 19*v - 21*v + 35 + 357 = 0. What is the tens digit of 16492/v - (-1)/x?
8
Suppose 0 = -9*q + 842 - 176. Let r = -72 + q. Suppose 392 = r*i + 2*b, -i = 3*i - 2*b - 766. What is the units digit of i?
3
Let b = -47 - -68. Suppose -11 = -4*k + b. Suppose 0 = 9*i - k*i - 148. What is the hundreds digit of i?
1
Let z be (-4 + 6)/2 - (1 + -1754). Suppose -5*x + p = -2182, 0 = -3*